 -103?
-113
In base 6, what is -54 - -11?
-43
In base 7, what is -3 + -102?
-105
In base 4, what is 11 + 301?
312
In base 16, what is 2 + -c4c?
-c4a
In base 12, what is -3 + -1290?
-1293
In base 6, what is 0 - -1305?
1305
In base 10, what is 3 - -420?
423
In base 9, what is 12667 + -3?
12664
In base 12, what is -74 - 85?
-139
In base 2, what is -11 + 1001100?
1001001
In base 9, what is -5 + -26?
-32
In base 13, what is 3 - 4b?
-48
In base 15, what is -37b1 + -5?
-37b6
In base 10, what is -2 + -28?
-30
In base 5, what is 0 + 11440?
11440
In base 16, what is -c + -128?
-134
In base 8, what is -3 - 111?
-114
In base 12, what is 99 + -28?
71
In base 8, what is -12 + -333?
-345
In base 7, what is -216 + 4?
-212
In base 11, what is -3 + -41?
-44
In base 16, what is -1aa - 1?
-1ab
In base 4, what is -2 + -10221?
-10223
In base 6, what is 0 + -2232?
-2232
In base 2, what is -1 + -11010100?
-11010101
In base 11, what is 5 + -431?
-427
In base 10, what is -2 + -2755?
-2757
In base 3, what is -12010 - 0?
-12010
In base 10, what is -160 - -3?
-157
In base 5, what is -10 - -33424?
33414
In base 11, what is -5 - -1494?
148a
In base 2, what is -11010101101 - -111?
-11010100110
In base 16, what is 21 - 170?
-14f
In base 15, what is 3 - -12?
15
In base 6, what is -23 + 15?
-4
In base 10, what is 3 + 7?
10
In base 14, what is 139 - 34?
105
In base 3, what is -200 + 2211?
2011
In base 11, what is -2 + -12?
-14
In base 15, what is -165a + -3?
-165d
In base 4, what is 10020 - 210?
3210
In base 14, what is 4 - -727?
72b
In base 6, what is 4 + 20540?
20544
In base 6, what is -5 - -145?
140
In base 2, what is 1011 - -11110111?
100000010
In base 10, what is 2 - 7848?
-7846
In base 14, what is 4c + -c?
40
In base 7, what is 511 + 2?
513
In base 12, what is 93 + -1?
92
In base 15, what is -1 + 31?
30
In base 7, what is -504 - 4?
-511
In base 14, what is -4 + -116?
-11a
In base 3, what is 1112122 - 110?
1112012
In base 6, what is -24435 - -4?
-24431
In base 10, what is -5 + -512?
-517
In base 13, what is 13 - -7c8?
80b
In base 6, what is -144 - -5?
-135
In base 14, what is -7 - 2?
-9
In base 7, what is 2 + -36?
-34
In base 2, what is -101 - 1100?
-10001
In base 7, what is -5613 + 5?
-5605
In base 10, what is -4 - 3?
-7
In base 2, what is -1100 - 1101?
-11001
In base 12, what is -2 - -1?
-1
In base 13, what is -3 + -89?
-8c
In base 4, what is 13 - 103?
-30
In base 5, what is 10 - 11334?
-11324
In base 4, what is 2330 + 2?
2332
In base 15, what is -a7 - -4?
-a3
In base 10, what is 94 + 88?
182
In base 12, what is -5 + b?
6
In base 2, what is -101011100 + -110000?
-110001100
In base 12, what is 29 - -3?
30
In base 12, what is 2 - 37?
-35
In base 7, what is -32 - 1?
-33
In base 5, what is -4 - 120?
-124
In base 4, what is -13 + -131?
-210
In base 12, what is 5 + 4187?
4190
In base 10, what is 1 + 41?
42
In base 9, what is 2343 - 7?
2335
In base 4, what is -131 - 111?
-302
In base 14, what is -a - -4?
-6
In base 7, what is -5 + 103?
65
In base 11, what is -105 - 5?
-10a
In base 14, what is -bd - -1c?
-a1
In base 4, what is 1001 + -3?
332
In base 14, what is 5 - -3235?
323a
In base 8, what is -15 - 5?
-22
In base 2, what is -101 + 1111011?
1110110
In base 5, what is 0 - -2113?
2113
In base 3, what is -2 + 2212102?
2212100
In base 16, what is -2 - 2c?
-2e
In base 14, what is 4 - -3d?
43
In base 7, what is -355 - -1?
-354
In base 14, what is 3 - 1d9?
-1d6
In base 7, what is -5 - 44?
-52
In base 16, what is 8 + -1c?
-14
In base 9, what is -13504 - -5?
-13488
In base 14, what is 1 - 1d20?
-1d1d
In base 9, what is 11 + 165?
176
In base 15, what is 1b + 14?
30
In base 16, what is 148 - -1?
149
In base 16, what is -32 - -42?
10
In base 15, what is 48c - -2?
48e
In base 8, what is 605 + -14?
571
In base 11, what is 2 + -381a?
-3818
In base 6, what is -11 + 24?
13
In base 11, what is -15 - -11?
-4
In base 6, what is 122 + 20?
142
In base 16, what is -5 + 165?
160
In base 8, what is 607 + 21?
630
In base 6, what is 1040 - 2?
1034
In base 16, what is f + 73d?
74c
In base 11, what is 439 + 28?
466
In base 4, what is -11113 + -13?
-11132
In base 8, what is 244 + -15?
227
In base 3, what is 21110020 + -1?
21110012
In base 4, what is 21 - 100?
-13
In base 3, what is 22 - 110?
-11
In base 6, what is 32 - 32?
0
In base 7, what is -1 - 31142?
-31143
In base 7, what is -4 - -25?
21
In base 12, what is -5 - -aab?
aa6
In base 10, what is 2 - 56?
-54
In base 16, what is 7403 - 3?
7400
In base 5, what is -2 + 11?
4
In base 2, what is -100001100 + -110?
-100010010
In base 8, what is 112 - -36?
150
In base 13, what is 12 - -254?
266
In base 2, what is 1100110 - -101?
1101011
In base 13, what is 0 + c2?
c2
In base 16, what is 0 - ecb?
-ecb
In base 11, what is -9 - 24?
-32
In base 12, what is -3207 + 5?
-3202
In base 2, what is 1101111 + 1?
1110000
In base 11, what is 0 - -a91?
a91
In base 7, what is 0 + -200?
-200
In base 2, what is -1111010 + 0?
-1111010
In base 12, what is -14 - -7?
-9
In base 15, what is 6 - -132?
138
In base 5, what is 4 + -1333?
-1324
In base 3, what is -2 - -1110?
1101
In base 10, what is 562 + 2?
564
In base 11, what is aa + 0?
aa
In base 3, what is -1212 - 101?
-2020
In base 15, what is -3 - bed?
-c01
In base 4, what is 1021321 + 1?
1021322
In base 16, what is 1 - cfb?
-cfa
In base 13, what is -3 - -1?
-2
In base 6, what is -25 + 10?
-15
In base 8, what is -26 + -434?
-462
In base 15, what is -5b + 4?
-57
In base 10, what is 3 + -304?
-301
In base 13, what is 1 + 9c?
a0
In base 9, what is 330 + -2?
327
In base 10, what is -6 + 470?
464
In base 5, what is 10 + 33213?
33223
In base 4, what is -2233 + -10?
-2303
In base 15, what is 3394 + 1?
3395
In base 7, what is -1245 + -1?
-1246
In base 16, what is 1 - -11d?
11e
In base 15, what is -63 - -2?
-61
In base 2, what is -1000 - -100100?
11100
In base 12, what is 20 - -3?
23
In base 14, what is 1 + -91?
-90
In base 3, what is 12102121 + 0?
12102121
In base 6, what is 10030 - -3?
10033
In base 3, what is 12 - -2022100?
2022112
In base 3, what is -11122 + -1000?
-12122
In base 12, what is -46 - -61?
17
In base 14, what is -88 - -1?
-87
In base 5, what is -10203 + 0?
-10203
In base 9, what is -1 + 388?
387
In base 14, what is 10d + 4?
113
In base 7, what is 12 - -562?
604
In base 4, what is -1233221 - 11?
-1233232
In base 16, what is b1f + -3?
b1c
In base 12, what is -3 + -87?
-8a
In base 4, what is -230 - -10302?
10012
In base 3, what is 1021 + -1021?
0
In base 2, what is -100100011 + 11?
-100100000
In base 13, what is 1c + 5?
24
In base 8, what is 1233 - -4?
1237
In base 16, what is -4 + 6?
2
In base 14, what is -14 - 4?
-18
In base 9, what is 6064 - 0?
6064
In base 10, what is -1553 - -1?
-1552
In base 5, what is 4 + -133?
-124
In base 7, what is 31 + -4?
24
In base 11, what is 14 - -62?
76
In base 13, what is -1 + 37b?
37a
In base 6, what is 15 - -14?
33
In base 5, what is 200 - 0?
200
In base 5, what is -133 + 11?
-122
In base 6, what is -123030 - -4?
-123022
In base 12, what is -50 - 1?
-51
In base 8, what is 2 + -25?
-23
In base 16, what is -1e2 + 9?
-1d9
In base 6, what is 15213 - 3?
15210
In base 8, what is 33 - 1055?
-1022
In base 16, what is -3 + 10?
d
In base 8, what is -3 - -1445?
1442
In base 3, what is 11 + 11221111?
11221122
In base 16, what is 547 - -5?
54c
In base 16, what is -1d8 - 1?
-1d9
In base 13, what is 288 + -1?
287
In base 10, what is 2 - 3?
-1
In base 11, what is -241 + 8?
-234
In base 7, what is -2005 - 1?
-2006
In base 16, what is -e - -c?
-2
In base 8, what is -14 - -6?
-6
In base 4, what is 1023001 + 0?
1023001
In base 4, what is -2212 - 10?
-2222
In base 16, what is -d + -9b?
-a8
In base 5, what is -4 - -321?
312
In base 5, what is 0 - -13101?
13101
In base 5, what is -3 + -14443?
-20001
In base 15, what is -3 + -cbd?
-cc1
In base 8, what is 0 - 1314?
-1314
In base 13, what is -43 + -9?
-4c
In base 9, what is 16 + -435?
-418
In base 6, what is 450 - -5?
455
In base 2, what is 1000 - 100111110?
-100110110
In base 3, what is -12 + -10000112?
-10000201
In base 3, what is -222021 - 2?
-222100
In base 9, what is 13 - 8?
4
In base 5, what is -43104 - 0?
-43104
In base 9, what is -1644 + 10?
-1634
In base 15, what is -3 - 28?
-2b
In base 15, what is 3 + -4b?
-48
In base 8, what is -63 - 13?
-76
In base 14,